 1575?
35
What is the highest common factor of 1393 and 14?
7
Calculate the highest common factor of 55 and 352.
11
What is the greatest common factor of 72 and 38574?
18
Calculate the highest common divisor of 17 and 281.
1
Calculate the greatest common divisor of 5 and 215.
5
What is the greatest common divisor of 18588 and 24?
12
Calculate the greatest common factor of 69917 and 139.
139
Calculate the greatest common factor of 60 and 270.
30
Calculate the highest common divisor of 10 and 2710.
10
What is the highest common factor of 14773 and 187?
187
What is the greatest common divisor of 1414 and 98?
14
What is the highest common divisor of 714 and 126?
42
What is the highest common factor of 3392 and 53?
53
What is the greatest common factor of 3700 and 700?
100
Calculate the highest common factor of 21995 and 498.
83
Calculate the highest common divisor of 9102 and 222.
222
What is the greatest common factor of 28 and 168?
28
What is the highest common factor of 162 and 4131?
81
What is the greatest common factor of 754 and 20?
2
What is the greatest common divisor of 204 and 34?
34
What is the highest common factor of 5644 and 136?
68
Calculate the greatest common factor of 28 and 644.
28
Calculate the greatest common divisor of 21 and 994.
7
What is the highest common factor of 18 and 2682?
18
Calculate the greatest common factor of 408 and 561.
51
What is the highest common divisor of 1956 and 12?
12
Calculate the highest common factor of 20 and 18.
2
Calculate the highest common factor of 400 and 2680.
40
Calculate the greatest common factor of 414 and 3335.
23
What is the greatest common divisor of 1230 and 2430?
30
What is the greatest common factor of 3174 and 92?
46
What is the highest common factor of 190 and 76?
38
Calculate the greatest common factor of 1588 and 16.
4
Calculate the greatest common divisor of 54 and 4374.
54
Calculate the greatest common factor of 8700 and 58.
58
Calculate the highest common factor of 8640 and 36.
36
What is the highest common factor of 5124 and 420?
84
What is the highest common factor of 4459 and 245?
49
What is the highest common divisor of 55 and 407?
11
Calculate the greatest common divisor of 1121 and 38.
19
What is the greatest common factor of 4030 and 10?
10
What is the greatest common divisor of 17763 and 191?
191
Calculate the greatest common factor of 60 and 84540.
60
What is the greatest common divisor of 513 and 297?
27
What is the highest common divisor of 2915 and 20?
5
Calculate the greatest common divisor of 8 and 248.
8
Calculate the greatest common factor of 74 and 6.
2
Calculate the highest common factor of 20 and 6860.
20
What is the greatest common divisor of 7238 and 154?
154
Calculate the highest common factor of 260 and 1612.
52
What is the greatest common divisor of 80 and 20?
20
What is the highest common divisor of 296 and 222?
74
What is the highest common divisor of 13677 and 141?
141
Calculate the greatest common factor of 172 and 4.
4
What is the greatest common divisor of 16677 and 109?
109
What is the greatest common divisor of 1617 and 33?
33
What is the highest common divisor of 63 and 36645?
21
What is the highest common divisor of 19 and 43795?
19
Calculate the greatest common divisor of 9348 and 76.
76
Calculate the highest common divisor of 3724 and 304.
76
Calculate the greatest common factor of 112 and 364.
28
What is the greatest common divisor of 27 and 3465?
9
What is the highest common divisor of 71343 and 9?
9
What is the greatest common divisor of 540 and 729?
27
Calculate the greatest common divisor of 528 and 64.
16
What is the highest common divisor of 588 and 490?
98
What is the highest common factor of 91 and 143?
13
What is the highest common divisor of 183 and 305?
61
What is the highest common factor of 190 and 114?
38
What is the greatest common divisor of 100 and 140?
20
Calculate the highest common factor of 14 and 119.
7
Calculate the greatest common divisor of 135 and 486.
27
What is the highest common divisor of 221 and 17?
17
What is the highest common factor of 224 and 7?
7
Calculate the greatest common factor of 768 and 288.
96
Calculate the highest common factor of 1211 and 11591.
173
What is the greatest common factor of 1334 and 203?
29
What is the highest common factor of 36 and 134?
2
What is the highest common divisor of 371 and 159?
53
Calculate the greatest common factor of 26 and 26.
26
What is the greatest common factor of 672 and 24?
24
What is the greatest common factor of 9268 and 56?
28
Calculate the greatest common divisor of 140 and 28.
28
Calculate the greatest common divisor of 5 and 1690.
5
What is the highest common factor of 1235 and 2717?
247
What is the greatest common factor of 12 and 1800?
12
What is the greatest common factor of 72 and 27576?
72
Calculate the highest common divisor of 13 and 73567.
13
What is the highest common divisor of 44 and 26961?
11
What is the greatest common factor of 8 and 374?
2
What is the highest common divisor of 25 and 365?
5
What is the highest common divisor of 28 and 10843?
7
Calculate the highest common factor of 19 and 95.
19
What is the greatest common factor of 4 and 16128?
4
Calculate the greatest common factor of 15 and 915.
15
What is the highest common factor of 3615 and 60?
15
Calculate the greatest common divisor of 8532 and 632.
316
Calculate the greatest common divisor of 5 and 1315.
5
What is the highest common divisor of 225 and 45?
45
What is the highest common factor of 232 and 638?
58
Calculate the highest common factor of 1 and 41.
1
Calculate the highest common divisor of 119 and 2227.
17
What is the greatest common factor of 22 and 1815?
11
What is the greatest common divisor of 2187 and 1?
1
Calculate the greatest common factor of 55 and 44.
11
What is the greatest common divisor of 364 and 7?
7
What is the highest common factor of 65 and 119080?
65
Calculate the greatest common divisor of 132 and 17358.
66
Calculate the highest common divisor of 323 and 38.
19
Calculate the greatest common divisor of 6336 and 198.
198
Calculate the highest common factor of 10105 and 235.
235
What is the greatest common divisor of 21644 and 28?
28
What is the greatest common divisor of 74 and 18?
2
Calculate the greatest common factor of 774 and 172.
86
Calculate the greatest common divisor of 56 and 8.
8
Calculate the highest common factor of 348 and 4.
4
What is the highest common factor of 190 and 1862?
38
What is the highest common factor of 2651 and 22?
11
What is the greatest common divisor of 27 and 387?
9
What is the highest common divisor of 49 and 91?
7
Calculate the highest common factor of 144 and 1944.
72
Calculate the highest common divisor of 9685 and 325.
65
What is the highest common factor of 4 and 16?
4
Calculate the highest common factor of 42 and 182.
14
What is the greatest common divisor of 238 and 102?
34
Calculate the highest common factor of 3064 and 8.
8
What is the greatest common factor of 143 and 767?
13
Calculate the greatest common divisor of 3136 and 42.
14
What is the greatest common factor of 44 and 16?
4
What is the highest common divisor of 990 and 33?
33
What is the highest common divisor of 125 and 1125?
125
What is the greatest common divisor of 90 and 144?
18
Calculate the highest common divisor of 655 and 262.
131
Calculate the greatest common divisor of 1104 and 14.
2
Calculate the greatest common factor of 702 and 26.
26
Calculate the highest common divisor of 24 and 28.
4
Calculate the highest common divisor of 12 and 42324.
12
Calculate the highest common divisor of 63 and 7.
7
Calculate the greatest common divisor of 403 and 217.
31
Calculate the greatest common factor of 42 and 3976.
14
What is the highest common factor of 146 and 4526?
146
What is the highest common divisor of 216 and 13752?
72
Calculate the highest common divisor of 5 and 5.
5
Calculate the highest common divisor of 4 and 316.
4
Calculate the greatest common divisor of 513 and 437.
19
Calculate the greatest common factor of 20 and 20.
20
Calculate the highest common divisor of 1430 and 2310.
110
What is the highest common divisor of 142 and 16259?
71
Calculate the greatest common divisor of 128 and 2.
2
What is the highest common divisor of 230 